145469 a multiple of 19?
False
Is 14 a factor of 50739794?
True
Is 32 a factor of 37761472?
True
Is 986353866 a multiple of 6?
True
Is 222670728 a multiple of 959?
False
Is 874 a factor of 237568569?
False
Is 1995 a factor of 367391272?
False
Is 943679135 a multiple of 1115?
True
Is 90806075 a multiple of 10?
False
Is 40 a factor of 206120?
True
Does 453 divide 238547535?
True
Is 8439390 a multiple of 621?
True
Is 15 a factor of 955630?
False
Is 13 a factor of 26404358?
False
Is 278 a factor of 284953058?
True
Is 66 a factor of 1840938?
True
Is 369525473 a multiple of 13?
False
Is 1057 a factor of 1679573?
True
Is 1055 a factor of 374898470?
True
Is 40349772 a multiple of 102?
True
Is 10 a factor of 143588660?
True
Is 12 a factor of 1575068?
False
Is 3365 a factor of 391766760?
True
Is 64 a factor of 18806200?
False
Does 21 divide 47300464?
False
Is 36864945 a multiple of 1537?
True
Is 1502100499 a multiple of 6?
False
Is 13 a factor of 197470?
True
Is 4266 a factor of 1001837285?
False
Is 573454496 a multiple of 3688?
True
Does 44 divide 40029606?
False
Is 7 a factor of 30336691?
True
Is 1349 a factor of 153947880?
True
Is 7273112 a multiple of 79?
False
Is 2 a factor of 267924?
True
Is 61156827 a multiple of 308?
False
Is 3 a factor of 860843688?
True
Does 4027 divide 2702946562?
True
Does 46 divide 3198249108?
False
Is 346418568 a multiple of 2616?
True
Does 10 divide 23178380?
True
Does 32 divide 304992?
True
Is 264372970 a multiple of 51?
False
Is 3 a factor of 15065017?
False
Is 331190310 a multiple of 242?
True
Does 56 divide 35664496?
True
Does 701 divide 190444876?
True
Is 36530996 a multiple of 916?
True
Is 1217886010 a multiple of 365?
True
Is 5364 a factor of 113335956?
True
Is 1216280642 a multiple of 1916?
False
Is 13 a factor of 1743332034?
False
Does 1758 divide 978141889?
False
Is 754750868 a multiple of 8222?
False
Does 276 divide 3505486?
False
Is 87382788 a multiple of 1074?
True
Is 1166 a factor of 1275985282?
True
Is 24 a factor of 2073521184?
True
Is 32 a factor of 4875903?
False
Is 88 a factor of 1242356602?
False
Is 8304664 a multiple of 670?
False
Does 11 divide 44058839?
True
Is 649 a factor of 73775635?
False
Is 646 a factor of 42884897?
False
Is 3246 a factor of 24166470?
True
Does 12 divide 866342196?
True
Does 273 divide 610659504?
True
Is 107267832 a multiple of 202?
False
Is 13158468 a multiple of 19?
False
Is 228572115 a multiple of 1840?
False
Is 50 a factor of 698964687?
False
Is 196 a factor of 58497248?
False
Is 20530098 a multiple of 4?
False
Does 63 divide 2678312?
False
Is 23519719 a multiple of 30?
False
Is 854 a factor of 365667018?
False
Is 75944136 a multiple of 678?
True
Is 136562751 a multiple of 22?
False
Is 15655718 a multiple of 11?
False
Is 2673 a factor of 3846447?
True
Is 131181894 a multiple of 51?
True
Does 5 divide 261827760?
True
Is 43220185 a multiple of 2056?
False
Does 14 divide 12312623?
False
Is 16018452 a multiple of 1886?
False
Does 50 divide 96102900?
True
Is 117 a factor of 1786473?
True
Is 5 a factor of 285186678?
False
Does 150 divide 38582795?
False
Does 12 divide 246922980?
True
Does 2700 divide 3337797078?
False
Is 32 a factor of 10632594?
False
Does 101 divide 907099750?
False
Does 141 divide 211786827?
False
Is 23 a factor of 1145849455?
False
Is 164570108 a multiple of 11?
False
Is 355462857 a multiple of 4058?
False
Does 134 divide 329562682?
True
Is 45819687 a multiple of 625?
False
Is 887 a factor of 4573372?
True
Is 6196341 a multiple of 4?
False
Does 597 divide 620401206?
True
Is 6 a factor of 7094343?
False
Is 280474620 a multiple of 458?
True
Does 74 divide 83464562?
False
Is 86214049 a multiple of 751?
True
Is 430120645 a multiple of 12?
False
Is 1346770386 a multiple of 689?
True
Is 453 a factor of 665456547?
True
Is 52790700 a multiple of 152?
False
Is 3 a factor of 29004119?
False
Is 148 a factor of 590952456?
True
Does 14 divide 520401674?
False
Does 177 divide 91625226?
False
Does 856 divide 913076368?
True
Does 189 divide 1222371486?
True
Does 54 divide 77102766?
True
Does 12 divide 89783354?
False
Is 362 a factor of 1801596161?
False
Is 8344458 a multiple of 27?
True
Is 52608072 a multiple of 1212?
True
Is 166 a factor of 35188823?
False
Is 86425065 a multiple of 219?
True
Does 272 divide 1290791232?
True
Is 4 a factor of 11379696?
True
Is 199 a factor of 151467293?
False
Is 1736 a factor of 25540032?
True
Is 8 a factor of 18247136?
True
Is 22 a factor of 202683074?
True
Does 3604 divide 148007388?
False
Is 593536216 a multiple of 13?
True
Is 131 a factor of 9707624?
True
Is 319598909 a multiple of 161?
False
Is 3 a factor of 22688483?
False
Is 38 a factor of 6010008?
False
Is 83 a factor of 975517943?
False
Does 6 divide 564296257?
False
Is 2225 a factor of 32987850?
True
Is 15 a factor of 47036745?
True
Is 6 a factor of 289740657?
False
Is 2226 a factor of 76300075?
False
Is 141466766 a multiple of 9?
False
Is 3 a factor of 7687674?
True
Is 3 a factor of 65082444?
True
Does 1002 divide 266269154?
False
Is 5177 a factor of 1009944691?
True
Is 969657317 a multiple of 4356?
False
Does 4876 divide 2769688311?
False
Is 46 a factor of 42829365?
False
Does 812 divide 59962140?
True
Does 17 divide 38054993?
True
Does 15 divide 5682458507?
False
Does 823 divide 125712100?
False
Is 720 a factor of 122857200?
True
Does 59 divide 19548761?
False
Is 16003367 a multiple of 38?
False
Does 85 divide 37965420?
True
Is 680968284 a multiple of 428?
False
Is 888226890 a multiple of 2710?
True
Is 43876130 a multiple of 35?
False
Does 1848 divide 37050565?
False
Is 187 a factor of 70514895?
True
Does 1382 divide 2881470?
True
Is 6288114 a multiple of 199?
False
Is 905 a factor of 11018505?
False
Is 72887378 a multiple of 5?
False
Is 134 a factor of 489166196?
True
Does 220 divide 27382960?
True
Is 457032996 a multiple of 938?
True
Is 179883044 a multiple of 21?
False
Does 30 divide 26667360?
True
Is 19 a factor of 6984400?
True
Does 16 divide 2319030?
False
Is 65 a factor of 115783414?
False
Is 19 a factor of 275432035?
False
Is 51899012 a multiple of 898?
True
Is 21 a factor of 43538607?
True
Is 475397825 a multiple of 1865?
True
Does 406 divide 355295385?
False
Is 22792283 a multiple of 40?
False
Is 52525485 a multiple of 26?
False
Does 136 divide 972883753?
False
Is 7297809426 a multiple of 10684?
False
Is 25 a factor of 19126471?
False
Is 274403496 a multiple of 2149?
False
Does 88 divide 114530856?
True
Does 815 divide 229261130?
True
Is 235 a factor of 209832440?
True
Is 229287645 a multiple of 9?
True
Is 1300 a factor of 13427700?
True
Is 7496868 a multiple of 131?
True
Is 2041258324 a multiple of 7?
True
Is 1800 a factor of 78827400?
True
Does 886 divide 37882972?
False
Is 22 a factor of 28956463?
False
Is 1212406607 a multiple of 892?
False
Does 8 divide 350231?
False
Is 3721541660 a multiple of 489?
False
Is 44027452 a multiple of 919?
True
Is 209 a factor of 13507992?
False
Does 110 divide 10640469?
False
Is 597535185 a multiple of 6?
False
Is 368629576 a multiple of 149?
True
Is 113 a factor of 1178266?
False
Is 835 a factor of 22590925?
True
Is 39249771 a multiple of 18?
False
Is 2199 a factor of 45882135?
True
Is 203 a factor of 269475598?
True
Does 129 divide 41429779?
False
Is 4016568311 a multiple of 19?
False
Is 21839627 a multiple of 2441?
True
Is 239 a factor of 22236618?
False
Is 7 a factor of 1192976981?
True
Is 5552442832 a multiple of 19?
False
Is 38977272 a multiple of 262?
False
Is 31 a factor of 328342607?
True
Is 6 a factor of 2744226?
True
Is 97465117 a multiple of 52?
False
Does 11 divide 62824049?
False
Is 6359 a factor of 1448271634?
False
Is 78 a factor of 350300652?
True
Is 196 a factor of 37085356?
True
Does 26 divide 152097855?
False
Is 65101634 a multiple of 298?
False
Is 112 a factor of 23708423?
False
Does 79 divide 1061622599?
False
Is 2237 a factor of 39684380?
True
Is 24 a factor of 568285048?
False
Is 15 a factor of 14689065?
True
Is 126393451 a multiple of 452?
False
Is 31 a factor of 475806351?
False
Does 92 divide 19017872?
True
Does 3240 divide 1261168693?
False
Is 1019116579 a multiple of 19?
False
Does 1470 divide 1253217630?
True
Is 791577410 a multiple of 26?
True
Does 14 divide 821703372?
True
Is 97 a factor of 42142426